= 57*t. Suppose t - 10 = 3*z. Suppose -z - 28 = -2*i - 5*h, -39 = -3*i - h. Calculate the greatest common factor of i and 18.
6
Suppose 8*k - 10*k + 18 = 2*c, 5*c = k + 15. Let s be 277/c - 35/140. What is the highest common factor of 3 and s?
3
Let y = -45 - -45. Let d be ((-681)/9)/1*(-2 - 4). Suppose y = -5*c + 3*g - g + d, 3*c - 264 = -3*g. Calculate the highest common divisor of c and 18.
18
Let w be (-18)/(3/((-15)/10)). Let j = 9441 - 9384. What is the greatest common divisor of w and j?
3
Let l = -36399 - -36539. What is the highest common divisor of l and 7112?
28
Let w(o) = -138*o**3 + o**2 + 13*o + 12. Let i be w(-1). Calculate the highest common factor of 552 and i.
138
Let m(w) = 26*w - 157. Let h be m(20). Suppose g + h = 12*g. What is the greatest common divisor of g and 22?
11
Let x(u) = 2*u**2 + 3*u + 92. Let i be x(7). What is the highest common divisor of 8651 and i?
211
Suppose 0 = -4*x + 16, 65*x = 4*y + 70*x - 160. Calculate the greatest common factor of 504 and y.
7
Let j be (-78)/(-91)*7*4. What is the highest common divisor of 1176 and j?
24
Let s(f) = -6*f**2 + 6 + 5*f + 1195*f**3 + 9*f - 1194*f**3 - 23 - 5*f. Suppose -5*k + 15 = -2*k. Let u be s(k). What is the greatest common divisor of 2 and u?
1
Let a be ((-422)/(-14) + (-1 - 6))*28. Calculate the greatest common divisor of a and 288.
72
Let i = 2639 + -2387. Let o(p) be the third derivative of 7*p**4/6 - 2*p**2. Let r be o(1). What is the highest common divisor of r and i?
28
Let s be 536 - 0/(0 - -1). Let x = 1454 + -1446. What is the greatest common factor of x and s?
8
Let f(g) = 3*g - 25. Let w(c) = -2*c - 1. Let a(x) = -f(x) - w(x). Let i be a(-13). Let k be 4/2 + 0 + 271. What is the highest common factor of i and k?
39
Let v = -3108 - -3232. What is the greatest common factor of v and 372?
124
Suppose q - b - 11 = -3*b, -q - b + 8 = 0. Suppose y - 10 = 2*z, 0*y = q*y + 4*z + 6. Calculate the highest common factor of y and 34.
2
Suppose -o = 41 + 17. Let w = o + 82. Let t be w*8/(-12)*-9. What is the greatest common divisor of 18 and t?
18
Suppose 35*i + 5 = 36*i, -5*t = -6*i - 8375. What is the highest common divisor of t and 164?
41
Suppose -4*h + 945 = 5*k, -4*h = -k - 173 + 338. Calculate the highest common divisor of 3959 and k.
37
Let p be ((-42)/(-22))/(287/3157). Calculate the greatest common factor of p and 12.
3
Let k(n) = 11*n**2 + 7*n - 5. Let s be k(4). Let w = -10425 + 10426. Calculate the greatest common factor of w and s.
1
Suppose 12*u - 7*u - 105 = 0. Let w = 29 - u. Calculate the highest common factor of w and 16.
8
Let h(s) = 19*s**2 - 54*s - 54. Let l be h(-1). Let q(u) = u**2 + u - 5. Let x be q(-6). Let r = l + x. What is the greatest common divisor of 110 and r?
22
Suppose -60691 = -57*m + 21446. Suppose g = 4*h - 1150, 5*h - 4*g = -g + m. What is the highest common factor of 14 and h?
7
Let k(m) = -38*m**2 - 719*m + 21. Let s be k(-15). Calculate the highest common factor of s and 96.
48
Let b(j) = j**2 - 10. Let t be b(-5). Let r(p) = 8*p + 126. Let u be r(-15). What is the greatest common divisor of t and u?
3
Let p(n) = 6*n**3 + 2*n**2 - n. Suppose 20 = -6*t + 50. Let w be ((-1)/t)/(42/15 + -3). Let z be p(w). Calculate the greatest common factor of 7 and z.
7
Let o(r) = r**3 + 10*r**2 - 91*r - 539. Let m be o(-5). Suppose -675 = -3*q + 678. What is the highest common divisor of q and m?
41
Suppose 0 = 4*d + 3*u - 127, 77*d - 31 = 75*d + 5*u. Suppose 6*w = 3*w + 6. Let j be (-1745)/(-25) + w/10. Calculate the greatest common divisor of d and j.
14
Let d(n) = -n**3 + 20*n**2 + 48*n + 53. Let x be d(22). Suppose -144*p = -x*p - 135. What is the highest common divisor of p and 225?
45
Let h(s) = -s**2 - 15*s - 23. Let z be h(-11). Let j = -2 + z. What is the highest common divisor of 19 and j?
19
Let p(l) = -768*l**3 - l**2 - 89*l - 89. Let r be p(-1). Calculate the highest common factor of r and 143.
13
Let w = 2412 - 2202. What is the greatest common factor of 336 and w?
42
Let f = -243 - -259. Let d be (2*(-4)/f)/(3/(-18)). Calculate the greatest common factor of 45 and d.
3
Let t = -31 + 34. Let m be (18/8)/(t/136). Suppose d = -5*d + m. What is the greatest common divisor of d and 136?
17
Let c = -11157 - -16717. Calculate the highest common factor of c and 40.
40
Let v = -8264 + 8439. What is the highest common factor of 1645 and v?
35
Suppose 781 + 25073 = 31*t. What is the highest common factor of t and 973?
139
Let a = 6 - 4. Suppose 0 = u - 2*o - 12, -a*u = 2*o + 3 + 3. Suppose n - 180 = -u*n. What is the greatest common factor of 40 and n?
20
Suppose 0 = -5*b - 208 + 198, 0 = -4*q + 5*b + 2330. Suppose -4*k - 36 = -2*m, 0*k = 3*m + 5*k - 65. Calculate the greatest common divisor of m and q.
20
Let g(i) = 3*i**3 - 3*i**2 - 3*i + 4. Let u be g(3). Let w be (-4350)/(3 + -28) - -22. Calculate the greatest common factor of u and w.
49
Let m be -7 + 20/4 + -3 + 197. Suppose 2*w - 2*c - 46 = 46, -2*c = -4*w + m. What is the greatest common factor of 90 and w?
10
Suppose 0 = -5*j - 5*c - 2400, -5*j - c = 162 + 2226. Let m = 549 + j. Let k = -16 - -24. What is the greatest common factor of k and m?
8
Let m(z) = 5*z**2 + 54*z + 38. Let d be m(-13). What is the greatest common factor of d and 7?
1
Let n = -15528 + 19048. Calculate the greatest common factor of 110 and n.
110
Let x = -359 - -365. Suppose -x*q + 361 + 497 = 0. What is the highest common factor of 22 and q?
11
Let l(w) = 2*w**2 + 2*w + 9. Let b(i) = i**2 + 2. Let u(y) = 3*b(y) - l(y). Let f be u(5). Calculate the greatest common factor of f and 4.
4
Let y = -1526 - -2891. Suppose -9*c - y = -12*c. Calculate the highest common divisor of c and 130.
65
Suppose -15 = 3*q, -4*q = r - 0*r + 14. Suppose -25*u + 10 = -20*u. Suppose u*g = r*g - 52. Calculate the greatest common factor of 26 and g.
13
Suppose 11*w + g - 24445 = 7*w, w - 6127 = 5*g. What is the greatest common factor of 32 and w?
32
Let x be (-153)/(-9) + 9/(-9) + (1 - -3). Calculate the greatest common factor of x and 12940.
20
Let h(f) = -f**2 + 11*f + 44. Let j be h(13). Suppose 3*z = 5*n + 211, 5*z + n = -3*n + 364. Calculate the highest common divisor of j and z.
18
Let o be (-10 + (-8900)/(-80))*(-112)/(-6). Calculate the highest common divisor of o and 84.
42
Suppose 4*y - 225 = -f, 6*f = f + 25. Suppose -3*u = q - y, 4*q - 4*u + 43 = 215. Calculate the highest common divisor of 322 and q.
46
Suppose -17*g = -13*g - 64. Let k be 6/(-16) + -183*(-161)/168 + 1. Calculate the highest common factor of k and g.
16
Let l(g) = -13*g**3 - 10*g**2 - 9*g - 9. Let v be l(-3). Suppose -2*d + 3*n = -v, -2*d + 120 = 4*n - 152. What is the highest common divisor of 207 and d?
69
Let h be (-9282)/(-208) - ((-62)/80 - (-30)/75). Suppose 60 = 4*c - 624. Calculate the greatest common factor of c and h.
9
Let m = -21837 - -22253. What is the greatest common divisor of m and 78?
26
Suppose 34*d - 11*d - 529 = 0. Suppose 360 = d*c + c. What is the highest common factor of c and 15?
15
Let i(a) = a**3 + a**2 - 5*a + 5. Let o be i(4). Suppose 193*w - 922*w + 94770 = 0. Calculate the greatest common divisor of o and w.
65
Let t(g) = 447*g + 1476. Let h be t(-3). What is the highest common divisor of 65 and h?
5
Let o = -316 - -624. Let m(n) = 48*n - 87*n + 52*n - 60. Let w be m(8). What is the greatest common divisor of o and w?
44
Let g(m) = 3*m**2 - 10*m - 48. Let l be g(10). What is the highest common factor of 8 and l?
8
Suppose 0*u - 25 = -5*u. Suppose u = q - 0. Let m be (-13)/104 - ((-82)/16 + 4). Calculate the greatest common divisor of m and q.
1
Suppose d - 31*d = -6030. Let g = 243 - d. What is the greatest common factor of g and 63?
21
Suppose 2*b = 3*b + 5*h - 28, 0 = 4*b - h - 70. Let v be 590/b - (-12)/54. What is the highest common factor of 176 and v?
11
Suppose 63 = -3*w + 5*g + 1022, 0 = 3*w - 4*g - 961. Let c = w - 289. What is the highest common divisor of 544 and c?
34
Let h(t) = -3*t**2 - 238*t + 135. Let y be h(-75). Calculate the highest common divisor of y and 240.
30
Let a = 600 - 591. Let m be 7088/64 - a/12. Calculate the highest common factor of m and 11.
11
Let k = 9433 + -9425. Calculate the greatest common divisor of 2648 and k.
8
Let q be (-329)/(-3) + (-4)/(-12). Suppose -5*w - 4*p + 46 = 0